{"id":2493,"date":"2026-01-10T08:52:03","date_gmt":"2026-01-10T08:52:03","guid":{"rendered":"https:\/\/severine2026.fr\/?page_id=2493"},"modified":"2026-01-12T07:24:35","modified_gmt":"2026-01-12T07:24:35","slug":"severine-magdelaine","status":"publish","type":"page","link":"https:\/\/severine2026.fr\/index.php\/severine-magdelaine\/","title":{"rendered":"S\u00e9verine Magdelaine"},"content":{"rendered":"<p>[et_pb_section fb_built=\u00a0\u00bb1&Prime; _builder_version=\u00a0\u00bb4.27.5&Prime; _module_preset=\u00a0\u00bbdefault\u00a0\u00bb global_colors_info=\u00a0\u00bb{}\u00a0\u00bb][et_pb_row column_structure=\u00a0\u00bb1_4,1_2,1_4&Prime; _builder_version=\u00a0\u00bb4.27.5&Prime; _module_preset=\u00a0\u00bbdefault\u00a0\u00bb global_colors_info=\u00a0\u00bb{}\u00a0\u00bb][et_pb_column type=\u00a0\u00bb1_4&Prime; _builder_version=\u00a0\u00bb4.27.5&Prime; _module_preset=\u00a0\u00bbdefault\u00a0\u00bb global_colors_info=\u00a0\u00bb{}\u00a0\u00bb][\/et_pb_column][et_pb_column type=\u00a0\u00bb1_2&Prime; _builder_version=\u00a0\u00bb4.27.5&Prime; _module_preset=\u00a0\u00bbdefault\u00a0\u00bb global_colors_info=\u00a0\u00bb{}\u00a0\u00bb][et_pb_image src=\u00a0\u00bbhttps:\/\/severine2026.fr\/wp-content\/uploads\/2026\/01\/IMG_1289-scaled.jpeg\u00a0\u00bb title_text=\u00a0\u00bbIMG_1289&Prime; _builder_version=\u00a0\u00bb4.27.5&Prime; _module_preset=\u00a0\u00bbdefault\u00a0\u00bb global_colors_info=\u00a0\u00bb{}\u00a0\u00bb][\/et_pb_image][\/et_pb_column][et_pb_column type=\u00a0\u00bb1_4&Prime; _builder_version=\u00a0\u00bb4.27.5&Prime; _module_preset=\u00a0\u00bbdefault\u00a0\u00bb global_colors_info=\u00a0\u00bb{}\u00a0\u00bb][\/et_pb_column][\/et_pb_row][et_pb_row _builder_version=\u00a0\u00bb4.27.5&Prime; _module_preset=\u00a0\u00bbdefault\u00a0\u00bb global_colors_info=\u00a0\u00bb{}\u00a0\u00bb][et_pb_column type=\u00a0\u00bb4_4&Prime; _builder_version=\u00a0\u00bb4.27.5&Prime; _module_preset=\u00a0\u00bbdefault\u00a0\u00bb global_colors_info=\u00a0\u00bb{}\u00a0\u00bb][et_pb_text _builder_version=\u00a0\u00bb4.27.5&Prime; _module_preset=\u00a0\u00bbdefault\u00a0\u00bb hover_enabled=\u00a0\u00bb0&Prime; global_colors_info=\u00a0\u00bb{}\u00a0\u00bb sticky_enabled=\u00a0\u00bb0&Prime;]<\/p>\n<p class=\"p1\">Il y a des lieux qui fa\u00e7onnent une enfance.<br \/>Pour moi, ce furent les sentiers du Schwarzwasser, la fra\u00eecheur de la for\u00eat et les rues vivantes <b>entre la Meinau, le Neuhof et Illkirch-Graffenstaden<\/b>. C\u2019est l\u00e0 que j\u2019ai grandi, entour\u00e9e de ma famille, <b>dans un cocon o\u00f9 la nature, la solidarit\u00e9 et l\u2019entraide faisaient partie du quotidien.<\/b><b><\/b><\/p>\n<p class=\"p1\">Je me souviens de la petite fille timide que j\u2019\u00e9tais, le c\u0153ur battant quand je levais la main pour prendre la parole en classe. Pourtant, d\u00e8s qu\u2019un camarade \u00e9tait moqu\u00e9, quelque chose en moi se levait plus fort que la timidit\u00e9 : <b>le sens de la justice<\/b>, celui que ma m\u00e8re m\u2019avait transmis, avec cette phrase qui r\u00e9sonne encore : <i>\u00ab On ne laisse jamais quelqu\u2019un de c\u00f4t\u00e9. \u00bb<\/i><i><\/i><\/p>\n<p class=\"p1\"><b>A\u00een\u00e9e d\u2019une fratrie de trois enfants<\/b>, j\u2019ai appris \u00e0 mes fr\u00e8res \u00e0 courir, \u00e0 tomber, \u00e0 se relever, <b>\u00e0 jouer au football<\/b>. Mais un jour, j\u2019ai compris que les filles n\u2019avaient pas la m\u00eame place que les gar\u00e7ons. Alors, sans attendre l\u2019autorisation de personne, j\u2019ai cr\u00e9\u00e9 <b>ma propre \u00e9quipe de football<\/b>. C\u2019\u00e9tait peut-\u00eatre un petit geste, mais il est devenu un fil rouge de ma vie : <b>quand quelque chose n\u2019existe pas encore, je le cr\u00e9e.<\/b><\/p>\n<p class=\"p1\">Plus tard, j\u2019ai suivi le chemin <b>des \u00e9tudes exigeantes<\/b> \u2014 sections bilingues, pr\u00e9pa, \u00e9cole d\u2019ing\u00e9nieurs \u2014 avec <b>la rigueur de mon p\u00e8re<\/b> comme \u00e9toile polaire<span class=\"s1\">\u202f<\/span>: <i>le travail bien fait, toujours<\/i>.<\/p>\n<p class=\"p1\">Ces ann\u00e9es m\u2019ont apport\u00e9 autre chose qu\u2019un dipl\u00f4me : elles m\u2019ont appris la r\u00e9silience, l\u2019ouverture, la curiosit\u00e9, et le go\u00fbt profond d\u2019un m\u00e9tier <b>o\u00f9 la technique se m\u00eale \u00e0 l\u2019humain<\/b>.<\/p>\n<p class=\"p1\">Puis il y a eu Illkirch-Graffenstaden.<br \/>Pas juste une ville.<br \/>Un ancrage.<br \/>Un chez-moi.<\/p>\n<p class=\"p1\">Cela fait 22 ans que je m\u2019y \u00e9panouis. Mes enfants y ont grandi, entour\u00e9s de leurs amis et port\u00e9s par la richesse des activit\u00e9s \u00e9ducatives, culturelles et sportives propos\u00e9es par la Ville.<span class=\"s1\">\u202f <\/span>Avec ma famille, nous avons toujours eu le sentiment d\u2019habiter \u00ab <i>au centre du monde<\/i> \u00bb : une ville \u00e0 taille humaine, accessible, dynamique, o\u00f9 tout est \u00e0 port\u00e9e de main, et o\u00f9 l\u2019essentiel reste l\u2019humain.<\/p>\n<p class=\"p1\">C\u2019est au <b>Forum de l\u2019Ill<\/b>, ce lieu vibrant o\u00f9 se m\u00ealaient les rires des enfants et les conversations des a\u00een\u00e9s, que mon engagement politique a pris racine. J\u2019appelais cet endroit le <b>Forum du bonheur<\/b> \u2014 ce n\u2019\u00e9tait pas un slogan, mais une r\u00e9alit\u00e9 : un lieu o\u00f9 les g\u00e9n\u00e9rations se croisent, se parlent, se reconnaissent.<\/p>\n<p class=\"p1\">Quand je me suis engag\u00e9e en 2008, ce n\u2019\u00e9tait pas pour \u00ab faire de la politique \u00bb.<br \/>C\u2019\u00e9tait pour pr\u00e9server cette humanit\u00e9.<br \/>Pour la renforcer.<br \/>Pour en \u00eatre digne.<\/p>\n<p class=\"p1\">Dans mes responsabilit\u00e9s, notamment en tant que Maire-adjointe \u00e0 la Politique de l\u2019Enfance et \u00e0 la Vie \u00e9ducative, j\u2019ai appris ce que signifie vraiment <b>changer la vie des gens<\/b> : construire une cuisine centrale, repenser des \u00e9coles, valoriser celles et ceux qui accompagnent nos enfants, cr\u00e9er des projets qui durent au-del\u00e0 d\u2019un mandat.<br \/><b>J\u2019ai aussi appris l\u2019\u00e9coute<\/b>. La vraie. <b>Celle qui accepte les contradictions, qui entend les inqui\u00e9tudes, qui accueille la col\u00e8re parfois, pour mieux avancer ensemble.<\/b><\/p>\n<p class=\"p1\">Aujourd\u2019hui, si je choisis d\u2019aller plus loin, c\u2019est parce que je crois profond\u00e9ment que <b>notre ville peut \u00eatre un mod\u00e8le d\u2019\u00e9quilibre, de solidarit\u00e9 et d\u2019audace<\/b>.<br \/>Parce que les d\u00e9fis climatiques, sociaux et humains qui s\u2019annoncent exigent non seulement des d\u00e9cisions, mais <b>du courage, de la cr\u00e9ativit\u00e9<\/b>, et surtout, <b>de l\u2019attention<\/b>.<\/p>\n<p class=\"p1\">Ce que je veux, c\u2019est simple :<\/p>\n<ul>\n<li style=\"list-style-type: none;\">\n<ul class=\"ul1\">\n<li class=\"li1\">que chaque enfant trouve sa place,<\/li>\n<li class=\"li1\">que chaque famille se sente soutenue,<\/li>\n<li class=\"li1\">que chaque a\u00een\u00e9 reste connect\u00e9,<\/li>\n<li class=\"li1\">que nos ressources soient prot\u00e9g\u00e9es,<\/li>\n<li class=\"li1\">que nos initiatives locales soient valoris\u00e9es,<\/li>\n<li class=\"li1\">que notre ville pr\u00e9pare l\u2019avenir sans renoncer \u00e0 son \u00e2me.<\/li>\n<\/ul>\n<\/li>\n<\/ul>\n<p class=\"p1\">Je veux une ville qui respire, qui rassemble, qui prot\u00e8ge, qui innove.<br \/>Une ville o\u00f9 l\u2019on croit encore au <b>pouvoir du collectif<\/b>.<br \/>Une ville o\u00f9 chacun peut dire : <b>\u00ab Ici, je me sens chez moi. \u00bb<\/b><b><\/b><\/p>\n<p>[\/et_pb_text][\/et_pb_column][\/et_pb_row][\/et_pb_section]<\/p>\n","protected":false},"excerpt":{"rendered":"<p>Il y a des lieux qui fa\u00e7onnent une enfance.Pour moi, ce furent les sentiers du Schwarzwasser, la fra\u00eecheur de la for\u00eat et les rues vivantes entre la Meinau, le Neuhof et Illkirch-Graffenstaden. C\u2019est l\u00e0 que j\u2019ai grandi, entour\u00e9e de ma famille, dans un cocon o\u00f9 la nature, la solidarit\u00e9 et l\u2019entraide faisaient partie du quotidien. [&hellip;]<\/p>\n","protected":false},"author":2,"featured_media":0,"parent":0,"menu_order":0,"comment_status":"closed","ping_status":"closed","template":"","meta":{"_et_pb_use_builder":"on","_et_pb_old_content":"","_et_gb_content_width":"","inline_featured_image":false,"footnotes":""},"class_list":["post-2493","page","type-page","status-publish","hentry"],"_links":{"self":[{"href":"https:\/\/severine2026.fr\/index.php\/wp-json\/wp\/v2\/pages\/2493","targetHints":{"allow":["GET"]}}],"collection":[{"href":"https:\/\/severine2026.fr\/index.php\/wp-json\/wp\/v2\/pages"}],"about":[{"href":"https:\/\/severine2026.fr\/index.php\/wp-json\/wp\/v2\/types\/page"}],"author":[{"embeddable":true,"href":"https:\/\/severine2026.fr\/index.php\/wp-json\/wp\/v2\/users\/2"}],"replies":[{"embeddable":true,"href":"https:\/\/severine2026.fr\/index.php\/wp-json\/wp\/v2\/comments?post=2493"}],"version-history":[{"count":11,"href":"https:\/\/severine2026.fr\/index.php\/wp-json\/wp\/v2\/pages\/2493\/revisions"}],"predecessor-version":[{"id":2634,"href":"https:\/\/severine2026.fr\/index.php\/wp-json\/wp\/v2\/pages\/2493\/revisions\/2634"}],"wp:attachment":[{"href":"https:\/\/severine2026.fr\/index.php\/wp-json\/wp\/v2\/media?parent=2493"}],"curies":[{"name":"wp","href":"https:\/\/api.w.org\/{rel}","templated":true}]}}